What is the remainder when 523 is divided by 25?
23
Calculate the remainder when 12139 is divided by 213.
211
Calculate the remainder when 1393 is divided by 100.
93
Calculate the remainder when 108 is divided by 40.
28
What is the remainder when 9023 is divided by 32?
31
Calculate the remainder when 89 is divided by 43.
3
What is the remainder when 319 is divided by 82?
73
Calculate the remainder when 461 is divided by 21.
20
Calculate the remainder when 224 is divided by 15.
14
Calculate the remainder when 2085 is divided by 36.
33
Calculate the remainder when 836 is divided by 7.
3
What is the remainder when 577 is divided by 20?
17
Calculate the remainder when 150 is divided by 42.
24
Calculate the remainder when 290 is divided by 27.
20
Calculate the remainder when 209 is divided by 4.
1
Calculate the remainder when 15919 is divided by 16.
15
Calculate the remainder when 257 is divided by 44.
37
What is the remainder when 914 is divided by 290?
44
What is the remainder when 303 is divided by 64?
47
Calculate the remainder when 8761 is divided by 14.
11
What is the remainder when 56 is divided by 9?
2
What is the remainder when 2920 is divided by 730?
0
Calculate the remainder when 326 is divided by 156.
14
Calculate the remainder when 8232 is divided by 27.
24
What is the remainder when 1414 is divided by 20?
14
What is the remainder when 316 is divided by 53?
51
What is the remainder when 59 is divided by 32?
27
What is the remainder when 38 is divided by 23?
15
Calculate the remainder when 671 is divided by 170.
161
Calculate the remainder when 39 is divided by 7.
4
Calculate the remainder when 458 is divided by 130.
68
Calculate the remainder when 9271 is divided by 24.
7
Calculate the remainder when 121 is divided by 61.
60
What is the remainder when 74 is divided by 5?
4
Calculate the remainder when 34054 is divided by 198.
196
What is the remainder when 427 is divided by 13?
11
What is the remainder when 1692 is divided by 105?
12
Calculate the remainder when 6 is divided by 4.
2
What is the remainder when 30 is divided by 2?
0
Calculate the remainder when 972 is divided by 136.
20
Calculate the remainder when 613 is divided by 88.
85
Calculate the remainder when 641 is divided by 107.
106
What is the remainder when 898 is divided by 30?
28
Calculate the remainder when 272 is divided by 91.
90
What is the remainder when 470 is divided by 286?
184
Calculate the remainder when 339 is divided by 6.
3
What is the remainder when 1916 is divided by 128?
124
Calculate the remainder when 896 is divided by 11.
5
What is the remainder when 97 is divided by 26?
19
Calculate the remainder when 1050 is divided by 129.
18
What is the remainder when 1446 is divided by 161?
158
What is the remainder when 1184 is divided by 40?
24
What is the remainder when 66 is divided by 15?
6
Calculate the remainder when 26 is divided by 15.
11
Calculate the remainder when 322 is divided by 4.
2
What is the remainder when 100 is divided by 65?
35
What is the remainder when 2593 is divided by 17?
9
What is the remainder when 63 is divided by 47?
16
What is the remainder when 306 is divided by 76?
2
What is the remainder when 1033 is divided by 45?
43
Calculate the remainder when 2143 is divided by 11.
9
Calculate the remainder when 7405 is divided by 218.
211
Calculate the remainder when 142 is divided by 84.
58
What is the remainder when 54 is divided by 23?
8
What is the remainder when 73 is divided by 11?
7
What is the remainder when 3064 is divided by 193?
169
What is the remainder when 1598 is divided by 123?
122
What is the remainder when 909 is divided by 300?
9
Calculate the remainder when 446 is divided by 150.
146
What is the remainder when 1363 is divided by 90?
13
What is the remainder when 883 is divided by 63?
1
Calculate the remainder when 95 is divided by 93.
2
Calculate the remainder when 68 is divided by 12.
8
Calculate the remainder when 545 is divided by 29.
23
Calculate the remainder when 59 is divided by 28.
3
What is the remainder when 720 is divided by 7?
6
Calculate the remainder when 125 is divided by 7.
6
What is the remainder when 1207 is divided by 6?
1
Calculate the remainder when 610 is divided by 68.
66
Calculate the remainder when 107 is divided by 27.
26
Calculate the remainder when 396 is divided by 45.
36
Calculate the remainder when 8801 is divided by 119.
114
Calculate the remainder when 92 is divided by 87.
5
What is the remainder when 20 is divided by 12?
8
What is the remainder when 7027 is divided by 9?
7
What is the remainder when 11 is divided by 7?
4
What is the remainder when 3796 is divided by 9?
7
What is the remainder when 198 is divided by 12?
6
Calculate the remainder when 2935 is divided by 26.
23
What is the remainder when 230 is divided by 56?
6
Calculate the remainder when 560 is divided by 27.
20
What is the remainder when 36 is divided by 3?
0
What is the remainder when 10598 is divided by 106?
104
Calculate the remainder when 1484 is divided by 359.
48
What is the remainder when 335 is divided by 152?
31
What is the remainder when 1290 is divided by 76?
74
Calculate the remainder when 89 is divided by 3.
2
What is the remainder when 39 is divided by 11?
6
Calculate the remainder when 42 is divided by 7.
0
Calculate the remainder when 42 is divided by 9.
6
Calculate the remainder when 1708 is divided by 59.
56
What is the remainder when 221 is divided by 37?
36
What is the remainder when 34270 is divided by 12?
10
Calculate the remainder when 472 is divided by 95.
92
Calculate the remainder when 2991 is divided by 991.
18
Calculate the remainder when 866 is divided by 15.
11
What is the remainder when 111 is divided by 9?
3
What is the remainder when 762 is divided by 45?
42
What is the remainder when 329 is divided by 71?
45
Calculate the remainder when 66 is divided by 23.
20
What is the remainder when 192 is divided by 15?
12
Calculate the remainder when 70 is divided by 64.
6
Calculate the remainder when 72 is divided by 37.
35
What is the remainder when 152 is divided by 9?
8
What is the remainder when 9714 is divided by 67?
66
Calculate the remainder when 367 is divided by 19.
6
Calculate the remainder when 460 is divided by 48.
28
Calculate the remainder when 1137 is divided by 114.
111
What is the remainder when 2436 is divided by 313?
245
What is the remainder when 194 is divided by 41?
30
Calculate the remainder when 1534 is divided by 53.
50
Calculate the remainder when 1368 is divided by 97.
10
Calculate the remainder when 80 is divided by 15.
5
Calculate the remainder when 3599 is divided by 1187.
38
What is the remainder when 214 is divided by 205?
9
Calculate the remainder when 247 is divided by 50.
47
What is the remainder when 53 is divided by 32?
21
What is the remainder when 7141 is divided by 48?
37
Calculate the remainder when 290 is divided by 31.
11
What is the remainder when 42 is divided by 9?
6
Calculate the remainder when 2482 is divided by 113.
109
What is the remainder when 825 is divided by 36?
33
Calculate the remainder when 2227 is divided by 203.
197
What is the remainder when 924 is divided by 32?
28
What is the remainder when 784 is divided by 254?
22
What is the remainder when 1273 is divided by 13?
12
Calculate the remainder when 775 is divided by 381.
13
Calculate the remainder when 13390 is divided by 24.
22
What is the remainder when 77 is divided by 27?
23
What is the remainder when 375 is divided by 193?
182
What is the remainder when 532 is divided by 89?
87
What is the remainder when 3313 is divided by 11?
2
Calculate the remainder when 93 is divided by 45.
3
Calculate the remainder when 4812 is divided by 45.
42
What is the remainder when 2225 is divided by 124?
117
Calculate the remainder when 301 is divided by 154.
147
Calculate the remainder when 207 is divided by 73.
61
Calculate the remainder when 575 is divided by 6.
5
What is the remainder when 469 is divided by 121?
106
Calculate the remainder when 118 is divided by 70.
48
Calculate the remainder when 79 is divided by 44.
35
What is the remainder when 1314 is divided by 28?
26
What is the remainder when 417 is divided by 279?
138
What is the remainder when 1131 is divided by 21?
18
What is the remain